 = 977*o**2 + 5*o + 2. Let r be d(-2). Is r - -2 - (3 + (-12)/3) prime?
False
Suppose -97*c + 80*c = -111027. Let y = c - -758. Is y prime?
False
Let b = 39 - 39. Suppose 10*j - 6*j - 8 = b. Is 33*-1*(-1)/2*j a composite number?
True
Is ((-24)/6 + 3 - 1)*-18713 composite?
True
Suppose 7*j - 6*j - 15 = 0. Let f(x) = 73*x - 83*x - 74*x - 272*x - j. Is f(-4) a prime number?
True
Let a be (-3)/(15/(-10)) + 569. Let k(c) = -122*c - 74. Let m be k(-6). Let w = a + m. Is w composite?
False
Let m(h) = 1028*h**3 + 27*h**2 + 4*h + 8. Is m(3) prime?
True
Let a = -48656 - -113852. Is a/18 + -11 + 2 prime?
True
Let f(d) = 1089*d + 3. Let i be f(12). Let v = i + -3658. Is v composite?
False
Suppose -16 = -2*t - 2*t. Let v(j) = 56*j**2 + j - 5. Let x be v(-5). Suppose -t*p + 6*p - x = 0. Is p a composite number?
True
Is 1397595/(-10)*-18 - -14 a prime number?
False
Let l = -32245 + 107256. Is l a prime number?
True
Let c(l) = l**2 - 9*l + 20. Let u be c(7). Let t be u*((-1284)/(-9) + 3). Suppose -t = -5*d + 5181. Is d a prime number?
False
Is 19 - (42 + -19) - 528267/6*-6 prime?
True
Let h(v) = v**3 + v**2 + 2*v + 6. Let p be h(0). Suppose -13*f + p*f + 2863 = 0. Is f prime?
True
Suppose -24*g = -10*g. Suppose 2*c - 3002 - 3737 = -h, -4*c - 3*h + 13475 = g. Is c a composite number?
False
Let u = 377 + -358. Suppose 306198 = -z + u*z. Is z a prime number?
True
Suppose -2*s = -22*s + 80. Suppose -s*u + 3601 - 794 = 3*g, -4*g + 3736 = 2*u. Is g a prime number?
False
Let s(o) = -o**2 - 4*o - 3. Let j be s(-3). Let v = 1170 - 1164. Suppose -v*q + 5495 + 835 = j. Is q a prime number?
False
Let p(u) = -u**2 - 7*u - 8. Let w be p(-3). Suppose -w*n + 8 = -3*n. Suppose -n*d + 7*d = -37. Is d a prime number?
True
Let m = -37 + 44. Let p be (9/(-4))/(m/5432). Let o = p - -3547. Is o prime?
True
Let d(r) = -626*r**3 + 4*r**2 - r - 15. Let f be d(-3). Is f - (4 - 2 - (-1 - 2)) composite?
False
Let p be 3/(-15)*-4*(307 - 2). Suppose -s - 5*z = 272, 2*s - p = z - 832. Let x = 585 + s. Is x a composite number?
False
Suppose -f + 3 = -1. Let h = -105 - -114. Suppose f*l = h*l - 2455. Is l a prime number?
True
Let u = -285 - -285. Suppose 4*v = -4*w + 9012, u*v + 4*w - 6755 = -3*v. Is v a prime number?
False
Suppose -7056 + 1114 = 2*b. Let o = 1482 - b. Is o a prime number?
False
Let t = 192 + -147. Suppose -t = -2*n + 1037. Is n composite?
False
Let v be 5 - 2 - (-120)/(-24). Let k(m) = -681*m**3 - 5*m**2 - 2*m - 1. Is k(v) a composite number?
False
Let j(m) = -11*m**3 - 2*m**2 + 10*m + 12. Let f be j(5). Suppose -4*l - 6 = -c + 6*c, 5*c = 5*l - 15. Is (f/2)/(c/4) composite?
True
Let s be (-1)/((-2 - -1) + 2). Let z be (8/(-6) + 0)*(-2 + s). Is (57420/7)/z + 2/7 a prime number?
False
Let d be -3*((-8)/3)/4. Let c(v) = 6 + 2*v**d - 11*v - 10 - 9. Is c(-8) prime?
False
Let v(n) = n**3 - 9*n**2 + 16*n - 14. Let a be v(7). Suppose -2*x + 1340 + 912 = a. Is x composite?
True
Let k be -1 + 4/(-7) + (-204)/84. Is 581*((k + 3)*-2 - 1) prime?
False
Suppose 791*b - n + 4758696 = 795*b, 4*n = 5*b - 5948349. Is b a prime number?
True
Let q be (3742/(-3))/((-15)/45). Let j = 7335 - q. Is j a prime number?
True
Is (8 - -224775)*(5/6 - (-5)/30) composite?
True
Suppose 0 = -3*c - 2*d + 2, -c - 2*d = -d. Let i be ((-6)/(-7) + 0)*259*c. Suppose -3*p - 4*m + 162 = -i, -2*p + 4*m = -404. Is p composite?
True
Let m(c) = c + 18. Let t be m(-16). Let g be -3 - (t*-4)/((-14)/(-4221)). Suppose u + 2*u = g. Is u prime?
False
Suppose -2*l - j - 1427 = -4*l, 2*j = 3*l - 2139. Suppose 0 = 4*x - 4*f - 3740, -4*f - 211 = -x + l. Suppose -5*k + x = -117. Is k prime?
True
Let y = -33224 - -63893. Is y a composite number?
True
Let n(o) = 8*o**3 - 5*o**2 - 19*o + 27. Let t = -135 + 141. Is n(t) a composite number?
True
Let v = 145718 - 102457. Is v a composite number?
False
Let z = -75089 + 279036. Is z prime?
True
Let n(q) = -q**3 + 7*q**2 - 6*q - 1. Let m be n(6). Let w(x) = -783*x**2 + 2*x + 1. Let i be w(m). Is i/(-6) - (-13)/39 composite?
False
Let i = 2565 + -1733. Let o = -1873 - -3076. Let d = o - i. Is d a composite number?
True
Let z = 452 - 449. Suppose x - 16 = 5*x, 25983 = z*j - 3*x. Is j a composite number?
True
Suppose 0*g - 1 = 3*g - 2*s, 0 = 5*g - 4*s + 5. Is (2079/(-42) + (1 - g))*-106 prime?
False
Let t(v) = 32*v**3 - 2*v**2 - 33*v + 38. Let x be t(6). Let l = x - -13173. Is l a prime number?
True
Is ((2 - -307725)*(-1)/2)/((-40)/80) a composite number?
True
Let b(p) = 2*p**2 + 4*p + 31. Let x be b(16). Let a = -284 + x. Is a a composite number?
True
Suppose q = 4*f - 93831, -12*f + 9*f + 70386 = -5*q. Let w = 33650 - f. Is w a prime number?
True
Let f(l) = -3*l. Let o(h) = -811*h + 67. Let a(v) = -2*f(v) + o(v). Is a(-10) a prime number?
True
Let a(c) = -c**3 - 9*c**2 + 15*c - 14. Let f be a(-13). Suppose f = 6*x - 2851. Suppose 3*b - x - 224 = 5*j, 3*j + 771 = 3*b. Is b a composite number?
True
Let i be (-1456285)/(-35) + (2/(-14) - 0). Suppose 8*d - i = -48*d. Is d prime?
True
Let b be -2*(0 + -1) + -2. Suppose 2*g = -2, -4*g - 91 = -3*l - 84. Is l + b + -20 + 1012 a prime number?
False
Let j = 231468 + -161785. Is j composite?
True
Suppose -11*s + 2301115 = 15*s - 1016875. Is s prime?
False
Suppose 0 = 2*f + 4*d - 10, 7*f - 2*d + 9 = 12*f. Is (-253692)/(-45) + f - (-6)/15 prime?
True
Suppose 8990 = 2*l - 2*r, 5*l + 6884 = 4*r + 29354. Suppose -l = -0*o - 10*o. Is o composite?
False
Let g(m) be the third derivative of -m**6/120 - m**5/10 + 11*m**4/24 - 19*m**3/6 + 21*m**2. Let y be g(-10). Let l = 447 + y. Is l a prime number?
False
Suppose -7 = 4*y + 9, 0 = 2*d + y - 386. Suppose -5*u - 4*z - 33 = -1397, u = 4*z + 268. Suppose m - d = u. Is m composite?
False
Let b = -28053 - -47217. Let v = b - 9431. Is v a composite number?
False
Let z = 84 + -81. Let d be 352/80 + z/5. Suppose d*g - 11*g + 4218 = 0. Is g a composite number?
True
Let t(z) = 106668*z - 341. Is t(6) composite?
True
Suppose 10*h - 6*h = 100. Suppose 7*n + h = 67. Suppose n*t = 4*t + 590. Is t a composite number?
True
Suppose 38*v + 1036520 = 46*v. Is v composite?
True
Let z = -274675 + 418997. Is z composite?
True
Let n = 1333 - 655. Suppose -46629 = -117*j + 3798. Suppose -d + j = -n. Is d a composite number?
False
Suppose 2*c = 34*u - 33*u + 101164, -u - 2 = 0. Is c composite?
False
Suppose 23 - 2 = -2*y - 5*s, 3*s = 4*y + 81. Is (-1)/((y/(-27))/((-10942)/3)) composite?
False
Let q = 44088 + -12321. Is q prime?
False
Suppose 2*l = -5*x + 17310, x - 3000 = 2*l - 20322. Suppose -i - 2*c + 1737 = 0, -5*i + 0*i - 5*c + l = 0. Is i a prime number?
False
Suppose -4*s - 4 - 98 = 5*q, -2*s + 4*q - 64 = 0. Is -137*(s + -1 + 6) a composite number?
True
Let g(a) = 10*a**2 - 4*a - 8. Let t be g(-13). Let k = 3095 - t. Is k a composite number?
False
Suppose -4*q + 2051 = -7381. Let d = 3265 + q. Is d prime?
True
Let a = 567 + -189. Let y = -1230 - -1915. Let f = y - a. Is f prime?
True
Suppose d + 25 = 6*d. Suppose 0 = r - d*r, 5*i + r = 25. Let p(y) = 71*y**2 - 5*y + 1. Is p(i) prime?
False
Let x = 26310 + 24397. Is x prime?
True
Suppose 31 = g + 32. Let t be (-55)/(g - -2)*5248/(-160). Suppose -t = -3*o - o. Is o composite?
True
Let l = 474185 - 296596. Is l a composite number?
False
Let t be 5/60*-4*0. Suppose 706 = -3*r + 4*b + 8603, t = 2*r + b - 5250. Is r a composite number?
True
Suppose -278997 = -r + 4*f, -f - 28939 + 586942 = 2*r. Is r a prime number?
True
Suppose -6584 = -4*l - 3*w, -19*l = -20*l - 4*w + 1633. Is l composite?
True
Is (-9941008)/(-198) + 7/(-63) prime?
True
Let x(b) = 2*b**3 + 15*b**2 + 6*b + 6. Let u be x(-7). Is (-66)/429 + 139089/u a composite number?
True
Let f(j) = j**3 + 5*j**2 + 8*j + 18. Let y be f(-4). Suppose y*g - b = 1270, -3*b - 635 = 6*g - 7*g. Is g composite?
True
Let j(n) be the first derivative of n**5/30 - 3*n**4/4 - 7*n**3/2 - 23*n**2/2 - 20. Let v(b) be the second derivative of j(b). Is v(15) a prime number?
False
Suppose -h - 14 = -2*h - 3*t, 10 = 2*h - 3*t. Suppose -h*d + 14*d - 6054 = 0. Is d prime?
True
Let t(i) = 3*i**2 + 10*i - 10. Let x be (2079/45)/11*(-4 - 1). Is t(x) a prime number?
True
Let g be 18/(-81) - 58/(-18). Suppose g*m = -2*t + 207, -3*t - 138 = -5*m + 3*m. Suppose -650 = -w - m. Is w a composite number?
True
Suppose 3*d = 2*y + 5 + 23, 9 = -y - d. Let p = y + 1